{"id":561,"date":"2023-11-18T21:45:34","date_gmt":"2023-11-19T02:45:34","guid":{"rendered":"https:\/\/ruwaytoys.com\/?post_type=product&#038;p=561"},"modified":"2024-01-17T12:56:17","modified_gmt":"2024-01-17T17:56:17","slug":"todo-terreno","status":"publish","type":"product","link":"https:\/\/ruwaytoys.com\/?product=todo-terreno","title":{"rendered":"TODO TERRENO"},"content":{"rendered":"\n<p>Recuerdas la emoci\u00f3n al acabar un armable es dif\u00edcil? No pod\u00edas dejar de mirar con orgullo tu obra, \u00bfverdad?\u00a0Bueno, ahora no solamente puedes disfrutar con la emoci\u00f3n de construir, \u00a1pues tienes una manera atractiva y \u00fanica de decorar tu casa con el resultado final!\u00a0<\/p>\n\n\n\n<figure class=\"wp-block-embed is-type-video is-provider-youtube wp-block-embed-youtube wp-embed-aspect-16-9 wp-has-aspect-ratio\"><div class=\"wp-block-embed__wrapper\">\n<div class=\"jetpack-video-wrapper\"><iframe title=\"Mould King 13025 13026 TECHINQU\" width=\"640\" height=\"360\" src=\"https:\/\/www.youtube.com\/embed\/UYw8NobpW_c?feature=oembed\" frameborder=\"0\" allow=\"accelerometer; autoplay; clipboard-write; encrypted-media; gyroscope; picture-in-picture; web-share\" referrerpolicy=\"strict-origin-when-cross-origin\" allowfullscreen><\/iframe><\/div>\n<\/div><\/figure>\n","protected":false},"excerpt":{"rendered":"<p>C\u00f3digo: 13025<br \/>Piezas: 626 pcs<br \/>G\u00e9nero: Unisex<br \/>Material: Pl\u00e1stico<br \/>Tipo de pl\u00e1stico: ABS<br \/>Bateria<br \/>Control remoto<br \/>Giro 360<br \/>Contiene instrucciones de montaje detalladas.<br \/>Clasificaci\u00f3n: Ensamblaje<\/p>\n","protected":false},"featured_media":564,"comment_status":"open","ping_status":"closed","template":"","meta":{"_joinchat":[]},"product_brand":[],"product_cat":[19],"product_tag":[],"class_list":{"0":"post-561","1":"product","2":"type-product","3":"status-publish","4":"has-post-thumbnail","6":"product_cat-bloques-de-construccion","8":"first","9":"instock","10":"shipping-taxable","11":"purchasable","12":"product-type-simple"},"jetpack_sharing_enabled":true,"_links":{"self":[{"href":"https:\/\/ruwaytoys.com\/index.php?rest_route=\/wp\/v2\/product\/561","targetHints":{"allow":["GET"]}}],"collection":[{"href":"https:\/\/ruwaytoys.com\/index.php?rest_route=\/wp\/v2\/product"}],"about":[{"href":"https:\/\/ruwaytoys.com\/index.php?rest_route=\/wp\/v2\/types\/product"}],"replies":[{"embeddable":true,"href":"https:\/\/ruwaytoys.com\/index.php?rest_route=%2Fwp%2Fv2%2Fcomments&post=561"}],"version-history":[{"count":1,"href":"https:\/\/ruwaytoys.com\/index.php?rest_route=\/wp\/v2\/product\/561\/revisions"}],"predecessor-version":[{"id":566,"href":"https:\/\/ruwaytoys.com\/index.php?rest_route=\/wp\/v2\/product\/561\/revisions\/566"}],"wp:featuredmedia":[{"embeddable":true,"href":"https:\/\/ruwaytoys.com\/index.php?rest_route=\/wp\/v2\/media\/564"}],"wp:attachment":[{"href":"https:\/\/ruwaytoys.com\/index.php?rest_route=%2Fwp%2Fv2%2Fmedia&parent=561"}],"wp:term":[{"taxonomy":"product_brand","embeddable":true,"href":"https:\/\/ruwaytoys.com\/index.php?rest_route=%2Fwp%2Fv2%2Fproduct_brand&post=561"},{"taxonomy":"product_cat","embeddable":true,"href":"https:\/\/ruwaytoys.com\/index.php?rest_route=%2Fwp%2Fv2%2Fproduct_cat&post=561"},{"taxonomy":"product_tag","embeddable":true,"href":"https:\/\/ruwaytoys.com\/index.php?rest_route=%2Fwp%2Fv2%2Fproduct_tag&post=561"}],"curies":[{"name":"wp","href":"https:\/\/api.w.org\/{rel}","templated":true}]}}