{"id":495,"date":"2023-11-18T16:50:23","date_gmt":"2023-11-18T21:50:23","guid":{"rendered":"https:\/\/ruwaytoys.com\/?post_type=product&#038;p=495"},"modified":"2024-01-24T21:54:27","modified_gmt":"2024-01-25T02:54:27","slug":"vintage-vehiculo-mecanico","status":"publish","type":"product","link":"https:\/\/ruwaytoys.com\/?product=vintage-vehiculo-mecanico","title":{"rendered":"VINTAGE VEH\u00cdCULO MEC\u00c1NICO"},"content":{"rendered":"\n<p><a href=\"https:\/\/www.robotimeonline.com\/collections\/3d-wooden-puzzle\">El rompecabezas de madera 3D&nbsp;<\/a>modelo de dirigible Robotime-ROKR&nbsp;LK702 est\u00e1 propulsado por un resorte de cuerda. Tiene una perspectiva steampunk retro con un delicado esqueleto de madera. Se burla de tu mente construyendo engranajes y aviones. \u00a1M\u00edralo salir corriendo con sus h\u00e9lices giratorias!<\/p>\n\n\n\n<p><strong>Destacados<\/strong><\/p>\n\n\n\n<ul class=\"wp-block-list\">\n<li><strong>MECANISMO KIN\u00c9TICO:&nbsp;<\/strong>Impulsado por el resorte de cuerda y los trenes de engranajes, las ruedas que corren y las h\u00e9lices giratorias, ser\u00e1 muy divertido de construir y jugar con la familia.<\/li>\n\n\n\n<li><strong>RETRO-STYLE OUTLOOK:&nbsp;<\/strong>Ser\u00e1 una maravillosa colecci\u00f3n y decoraci\u00f3n para su hogar u oficina. Adem\u00e1s, un juguete agradable para jugar con ni\u00f1os o amigos.<\/li>\n\n\n\n<li><strong>REGALO \u00daNICO:\u00a0<\/strong>Un hermoso regalo pr\u00e1ctico para cualquier amante del bricolaje o cualquier ocasi\u00f3n como Navidad, d\u00edas festivos, cumplea\u00f1os.<\/li>\n<\/ul>\n\n\n\n<figure class=\"wp-block-embed is-type-video is-provider-youtube wp-block-embed-youtube wp-embed-aspect-16-9 wp-has-aspect-ratio\"><div class=\"wp-block-embed__wrapper\">\n<div class=\"jetpack-video-wrapper\"><iframe title=\"ROBOTIME - ROKR LK702 Air Vehicle - Assemble Wooden Puzzles Introduction Video\" width=\"640\" height=\"360\" src=\"https:\/\/www.youtube.com\/embed\/A8UvZJRX0mg?feature=oembed\" frameborder=\"0\" allow=\"accelerometer; autoplay; clipboard-write; encrypted-media; gyroscope; picture-in-picture; web-share\" referrerpolicy=\"strict-origin-when-cross-origin\" allowfullscreen><\/iframe><\/div>\n<\/div><\/figure>\n","protected":false},"excerpt":{"rendered":"<p>C\u00f3digo: LK702<br \/>Piezas: 229 pcs<br \/>Tiempo de montaje: 5 Hrs\u00a0<br \/>Tama\u00f1o ensamblado: 30 * 21,5&#8243; * 25 cm<br \/>NIVEL:\u00a0\u00a04<\/p>\n<p>Descripci\u00f3n: El juego de rompecabezas de madera en 3D terminado le brinda el aspecto completo del conocido velero. Y ser\u00e1 un complemento perfecto para decorar su<br \/>hogar y oficina.<\/p>\n","protected":false},"featured_media":499,"comment_status":"open","ping_status":"closed","template":"","meta":{"_joinchat":[]},"product_brand":[],"product_cat":[18],"product_tag":[],"class_list":{"0":"post-495","1":"product","2":"type-product","3":"status-publish","4":"has-post-thumbnail","6":"product_cat-rompecabezas","8":"first","9":"instock","10":"shipping-taxable","11":"purchasable","12":"product-type-simple"},"jetpack_sharing_enabled":true,"_links":{"self":[{"href":"https:\/\/ruwaytoys.com\/index.php?rest_route=\/wp\/v2\/product\/495","targetHints":{"allow":["GET"]}}],"collection":[{"href":"https:\/\/ruwaytoys.com\/index.php?rest_route=\/wp\/v2\/product"}],"about":[{"href":"https:\/\/ruwaytoys.com\/index.php?rest_route=\/wp\/v2\/types\/product"}],"replies":[{"embeddable":true,"href":"https:\/\/ruwaytoys.com\/index.php?rest_route=%2Fwp%2Fv2%2Fcomments&post=495"}],"version-history":[{"count":2,"href":"https:\/\/ruwaytoys.com\/index.php?rest_route=\/wp\/v2\/product\/495\/revisions"}],"predecessor-version":[{"id":850,"href":"https:\/\/ruwaytoys.com\/index.php?rest_route=\/wp\/v2\/product\/495\/revisions\/850"}],"wp:featuredmedia":[{"embeddable":true,"href":"https:\/\/ruwaytoys.com\/index.php?rest_route=\/wp\/v2\/media\/499"}],"wp:attachment":[{"href":"https:\/\/ruwaytoys.com\/index.php?rest_route=%2Fwp%2Fv2%2Fmedia&parent=495"}],"wp:term":[{"taxonomy":"product_brand","embeddable":true,"href":"https:\/\/ruwaytoys.com\/index.php?rest_route=%2Fwp%2Fv2%2Fproduct_brand&post=495"},{"taxonomy":"product_cat","embeddable":true,"href":"https:\/\/ruwaytoys.com\/index.php?rest_route=%2Fwp%2Fv2%2Fproduct_cat&post=495"},{"taxonomy":"product_tag","embeddable":true,"href":"https:\/\/ruwaytoys.com\/index.php?rest_route=%2Fwp%2Fv2%2Fproduct_tag&post=495"}],"curies":[{"name":"wp","href":"https:\/\/api.w.org\/{rel}","templated":true}]}}