{"id":454,"date":"2023-11-18T15:33:43","date_gmt":"2023-11-18T20:33:43","guid":{"rendered":"https:\/\/ruwaytoys.com\/?post_type=product&#038;p=454"},"modified":"2024-01-24T21:47:41","modified_gmt":"2024-01-25T02:47:41","slug":"moto-harley","status":"publish","type":"product","link":"https:\/\/ruwaytoys.com\/?product=moto-harley","title":{"rendered":"MOTO HARLEY"},"content":{"rendered":"\n<p>Las tormentas de arena, los rev\u00f3lveres, los sombreros de vaquero, vagando por el Salvaje Oeste al atardecer no son suficientes. Lo que tambi\u00e9n necesitas es un crucero de alta resistencia con un motor rugiente. \u00a1Monta, se convierte en un Clint Eastwood moderno y conduce solo al salvaje desierto del oeste! \u00a1Monta este&nbsp;<a href=\"https:\/\/www.robotimeonline.com\/collections\/3d-wooden-puzzle\">rompecabezas de madera&nbsp;<\/a>ROKR&nbsp;<a href=\"https:\/\/www.robotimeonline.com\/collections\/3d-wooden-puzzle\">3D&nbsp;<\/a>y convi\u00e9rtete en el tipo m\u00e1s duro!<\/p>\n\n\n\n<p><strong>Destacados<\/strong><\/p>\n\n\n\n<ul class=\"wp-block-list\">\n<li><strong>PUZZLES DE MADERA DE CORTE POR L\u00c1SER EN 3D<\/strong>: Hecho de madera ecol\u00f3gica, este modelo mec\u00e1nico es un rompecabezas que se construye juntando piezas cortadas con l\u00e1ser sin necesidad de pegamentos o adhesivos desordenados.<\/li>\n\n\n\n<li><strong>MODELO MEC\u00c1NICO<\/strong>: Estos modelos mec\u00e1nicos funcionales son intrincadamente detallados y dignos de su hogar y colecci\u00f3n. Se incluyen instrucciones precisas junto con ilustraciones.<\/li>\n\n\n\n<li><strong>DIVERSI\u00d3N PARA ADULTOS Y ADOLESCENTES<\/strong>: A los adultos, adolescentes y los ni\u00f1os mayores les encanta el desaf\u00edo de la construcci\u00f3n de modelos, \u00a1y los ni\u00f1os pueden aprender sobre la gravedad, los engranajes, el dise\u00f1o y los conceptos de ingenier\u00eda a medida que construyen!<\/li>\n\n\n\n<li><strong>EL MEJOR REGALO<\/strong>: Este juguete de rompecabezas de madera 3D para motocicletas se puede regalar a los ni\u00f1os, puede construir este modelo con sus hijos en su tiempo libre para mejorar la relaci\u00f3n entre padres e hijos.<\/li>\n\n\n\n<li><strong>ENTRETENIMIENTO EN INTERIORES<\/strong>: La complejidad de este conjunto re\u00fane a las personas y proporciona horas de diversi\u00f3n para todos. \u00a1Una gran actividad familiar, este rompecabezas ROKR es atractivo, divertido y ejercita tu mente!<\/li>\n<\/ul>\n\n\n\n<figure class=\"wp-block-embed is-type-video is-provider-youtube wp-block-embed-youtube wp-embed-aspect-16-9 wp-has-aspect-ratio\"><div class=\"wp-block-embed__wrapper\">\n<div class=\"jetpack-video-wrapper\"><iframe title=\"Robotime-ROKR Cruiser Motorcycle LK504\" width=\"640\" height=\"360\" src=\"https:\/\/www.youtube.com\/embed\/zKN4w29vI7o?feature=oembed\" frameborder=\"0\" allow=\"accelerometer; autoplay; clipboard-write; encrypted-media; gyroscope; picture-in-picture; web-share\" referrerpolicy=\"strict-origin-when-cross-origin\" allowfullscreen><\/iframe><\/div>\n<\/div><\/figure>\n","protected":false},"excerpt":{"rendered":"<p>C\u00f3digo: LK504<br \/>Piezas: 420 pls<br \/>Tiempo de Montaje: 5 Hrs<br \/>Tama\u00f1o ensamblado: 27*11.6*16cm<\/p>\n<p>Descripci\u00f3n:\u00a0\u00a0Este es un Rompecabeza ideal para los coleccionistas amantes de las motos, Al girar el resorte, esta motocicleta puede correr hasta 7 ~ 10 pies y puedes ver que los pistones del motor se mueven. \u00a1Este rompecabezas ROKR te traer\u00e1 una experiencia emocionante y entretenida!<br \/>Tiene engranajes y funcionamiento.<\/p>\n","protected":false},"featured_media":458,"comment_status":"open","ping_status":"closed","template":"","meta":{"_joinchat":[]},"product_brand":[],"product_cat":[18],"product_tag":[],"class_list":{"0":"post-454","1":"product","2":"type-product","3":"status-publish","4":"has-post-thumbnail","6":"product_cat-rompecabezas","8":"first","9":"instock","10":"shipping-taxable","11":"purchasable","12":"product-type-simple"},"jetpack_sharing_enabled":true,"_links":{"self":[{"href":"https:\/\/ruwaytoys.com\/index.php?rest_route=\/wp\/v2\/product\/454","targetHints":{"allow":["GET"]}}],"collection":[{"href":"https:\/\/ruwaytoys.com\/index.php?rest_route=\/wp\/v2\/product"}],"about":[{"href":"https:\/\/ruwaytoys.com\/index.php?rest_route=\/wp\/v2\/types\/product"}],"replies":[{"embeddable":true,"href":"https:\/\/ruwaytoys.com\/index.php?rest_route=%2Fwp%2Fv2%2Fcomments&post=454"}],"version-history":[{"count":3,"href":"https:\/\/ruwaytoys.com\/index.php?rest_route=\/wp\/v2\/product\/454\/revisions"}],"predecessor-version":[{"id":846,"href":"https:\/\/ruwaytoys.com\/index.php?rest_route=\/wp\/v2\/product\/454\/revisions\/846"}],"wp:featuredmedia":[{"embeddable":true,"href":"https:\/\/ruwaytoys.com\/index.php?rest_route=\/wp\/v2\/media\/458"}],"wp:attachment":[{"href":"https:\/\/ruwaytoys.com\/index.php?rest_route=%2Fwp%2Fv2%2Fmedia&parent=454"}],"wp:term":[{"taxonomy":"product_brand","embeddable":true,"href":"https:\/\/ruwaytoys.com\/index.php?rest_route=%2Fwp%2Fv2%2Fproduct_brand&post=454"},{"taxonomy":"product_cat","embeddable":true,"href":"https:\/\/ruwaytoys.com\/index.php?rest_route=%2Fwp%2Fv2%2Fproduct_cat&post=454"},{"taxonomy":"product_tag","embeddable":true,"href":"https:\/\/ruwaytoys.com\/index.php?rest_route=%2Fwp%2Fv2%2Fproduct_tag&post=454"}],"curies":[{"name":"wp","href":"https:\/\/api.w.org\/{rel}","templated":true}]}}