{"id":429,"date":"2023-11-18T14:45:21","date_gmt":"2023-11-18T19:45:21","guid":{"rendered":"https:\/\/ruwaytoys.com\/?post_type=product&#038;p=429"},"modified":"2024-01-24T21:44:15","modified_gmt":"2024-01-25T02:44:15","slug":"reloj-pendulo","status":"publish","type":"product","link":"https:\/\/ruwaytoys.com\/?product=reloj-pendulo","title":{"rendered":"RELOJ P\u00c9NDULO"},"content":{"rendered":"\n<p>\u00a1El reloj de p\u00e9ndulo mec\u00e1nico de cuerda Robotime-ROKR LK501 es un reloj de madera real que realmente puede funcionar! Este elegante\u00a0<a href=\"https:\/\/www.robotimeonline.com\/collections\/3d-wooden-puzzle\">rompecabezas de madera 3D\u00a0<\/a>con reloj de resorte\u00a0le proporcionar\u00e1 una experiencia de construcci\u00f3n incre\u00edble. Ensamble todas las piezas y mecanismos y vea c\u00f3mo funciona. El mejor\u00a0kit de\u00a0<a href=\"https:\/\/www.robotimeonline.com\/collections\/mechanical-gears\">rompecabezas de madera 3D de engranajes mec\u00e1nicos\u00a0<\/a>para tus hijos, novio y esposo.<\/p>\n\n\n\n<ul class=\"wp-block-list\" id=\"mylist\">\n<li><strong>PENDULMO REAL:&nbsp;<\/strong>Un p\u00e9ndulo de oscilaci\u00f3n por gravedad con escape de anclaje preciso<\/li>\n\n\n\n<li><strong>3 HORAS DE TICKING:&nbsp;<\/strong>\u00a1En realidad puede funcionar durante alrededor de 1-3 horas cuando termine!<\/li>\n\n\n\n<li><strong>PERSPECTIVAS ESTIL\u00cdSTICAS:&nbsp;<\/strong>Decoraci\u00f3n atractiva para el hogar o la oficina<\/li>\n\n\n\n<li><strong>DESAF\u00cdA TU MENTE:&nbsp;<\/strong>Diversi\u00f3n de la construcci\u00f3n de kits y el cerebro de la ingenier\u00eda mec\u00e1nica<\/li>\n\n\n\n<li><strong>REGALO PERFECTO:&nbsp;<\/strong>Regalo para amantes de la mec\u00e1nica o familiares y amigos en cualquier ocasi\u00f3n como cumplea\u00f1os, d\u00eda del padre o Navidad.<\/li>\n<\/ul>\n\n\n\n<figure class=\"wp-block-embed is-type-video is-provider-youtube wp-block-embed-youtube wp-embed-aspect-16-9 wp-has-aspect-ratio\"><div class=\"wp-block-embed__wrapper\">\n<div class=\"jetpack-video-wrapper\"><iframe title=\"3D Puzzle Movement Assembled Wooden Pendulum clock - LK501 NEW\" width=\"640\" height=\"360\" src=\"https:\/\/www.youtube.com\/embed\/P4oQdt94p-8?feature=oembed\" frameborder=\"0\" allow=\"accelerometer; autoplay; clipboard-write; encrypted-media; gyroscope; picture-in-picture; web-share\" referrerpolicy=\"strict-origin-when-cross-origin\" allowfullscreen><\/iframe><\/div>\n<\/div><\/figure>\n","protected":false},"excerpt":{"rendered":"<p>C\u00f3digo: LK501<br \/>Piezas: 166 pcs<br \/>Tiempo de montaje: 6 horas<br \/>Tama\u00f1o ensamblado: 23,4*11.7*34,6cm<\/p>\n<p>Descripci\u00f3n: Este reloj de p\u00e9ndulo \u00fanico y exquisito es un<br \/>rompecabezas de madera 3D con engranajes<br \/>mec\u00e1nicos accionados por resorte. Seamos<br \/>testigos del paso del tiempo con la rotaci\u00f3n<br \/>de engranajes mec\u00e1nicos.<\/p>\n","protected":false},"featured_media":432,"comment_status":"open","ping_status":"closed","template":"","meta":{"_joinchat":[]},"product_brand":[],"product_cat":[18],"product_tag":[],"class_list":{"0":"post-429","1":"product","2":"type-product","3":"status-publish","4":"has-post-thumbnail","6":"product_cat-rompecabezas","8":"first","9":"instock","10":"shipping-taxable","11":"purchasable","12":"product-type-simple"},"jetpack_sharing_enabled":true,"_links":{"self":[{"href":"https:\/\/ruwaytoys.com\/index.php?rest_route=\/wp\/v2\/product\/429","targetHints":{"allow":["GET"]}}],"collection":[{"href":"https:\/\/ruwaytoys.com\/index.php?rest_route=\/wp\/v2\/product"}],"about":[{"href":"https:\/\/ruwaytoys.com\/index.php?rest_route=\/wp\/v2\/types\/product"}],"replies":[{"embeddable":true,"href":"https:\/\/ruwaytoys.com\/index.php?rest_route=%2Fwp%2Fv2%2Fcomments&post=429"}],"version-history":[{"count":3,"href":"https:\/\/ruwaytoys.com\/index.php?rest_route=\/wp\/v2\/product\/429\/revisions"}],"predecessor-version":[{"id":845,"href":"https:\/\/ruwaytoys.com\/index.php?rest_route=\/wp\/v2\/product\/429\/revisions\/845"}],"wp:featuredmedia":[{"embeddable":true,"href":"https:\/\/ruwaytoys.com\/index.php?rest_route=\/wp\/v2\/media\/432"}],"wp:attachment":[{"href":"https:\/\/ruwaytoys.com\/index.php?rest_route=%2Fwp%2Fv2%2Fmedia&parent=429"}],"wp:term":[{"taxonomy":"product_brand","embeddable":true,"href":"https:\/\/ruwaytoys.com\/index.php?rest_route=%2Fwp%2Fv2%2Fproduct_brand&post=429"},{"taxonomy":"product_cat","embeddable":true,"href":"https:\/\/ruwaytoys.com\/index.php?rest_route=%2Fwp%2Fv2%2Fproduct_cat&post=429"},{"taxonomy":"product_tag","embeddable":true,"href":"https:\/\/ruwaytoys.com\/index.php?rest_route=%2Fwp%2Fv2%2Fproduct_tag&post=429"}],"curies":[{"name":"wp","href":"https:\/\/api.w.org\/{rel}","templated":true}]}}